. Give v(0).
26
Let a(x) be the first derivative of -2*x**2 + 98*x - 1111. Give a(30).
-22
Let u(b) = -5*b**3 + 20*b**2 - 16*b - 29. Let l(g) = 2*g**3 - 7*g**2 + 5*g + 10. Let j(h) = 8*l(h) + 3*u(h). Let d be 1 - ((-12)/6 + 8). Determine j(d).
8
Let j(t) = t**3 - 5*t**2 + t + 1. Let f(l) = -10*l**2 - 8*l + 65. Let n be f(7). Let r = n - -486. Calculate j(r).
6
Let j(n) be the second derivative of n**4/12 - 7*n**3/6 - 4*n**2 - 409*n. What is j(7)?
-8
Let q = 15 + -13. Let c(r) = -8 - r**3 + 2*r**q - r**2 - 2 - 2. Let n(p) = -p**3 + p**2 + 7*p - 3. Let f be n(3). Give c(f).
-12
Let t(r) = r**2 - 2*r - 15. Let n = 2249 + -2238. Give t(n).
84
Let c be (-22472)/1484 + (27/(-7) - -3). Let p(f) = -7*f - 102. Calculate p(c).
10
Let v(a) = -3*a**2 - 56*a - 90. Let x(p) = 103*p - 6403. Let j be x(62). Calculate v(j).
-5
Let o(w) = -370 + 2*w + 370. Let c = -103 - -110. What is o(c)?
14
Let b(j) = -j**3 - 3*j**2 + 3*j - 3. Suppose 5*s - 5 = 2*m, -3*s + 4 = 1. Suppose -4*x - 4*f - 16 + m = 0, 5*x - 4*f + 11 = 0. Calculate b(x).
-12
Let f(d) = -16*d - 104. Let y(o) = -32*o - 213. Let s(w) = -5*f(w) + 2*y(w). Give s(-6).
-2
Let v(f) = 2*f**2 + f + 1. Let k(a) = a**3 - 23*a**2 - 32. Let w(q) = k(q) + 3*v(q). Determine w(17).
22
Let b be (-1 - 12/8)*2. Let x(j) = -j**3 - 6*j**2 - 8*j + 4. Let h(a) = a**3 + 6*a**2 + 7*a - 5. Let z(w) = -3*h(w) - 2*x(w). Calculate z(b).
7
Let f(a) = 118*a**3 - 11*a**2 - 11*a + 8. Let o(z) = -40*z**3 + 4*z**2 + 4*z - 3. Let m(y) = -3*f(y) - 8*o(y). What is m(-1)?
34
Let r(m) = -2*m**2 - m + 1. Let w(o) = o**3 + 10*o**2 - 12*o + 24. Let z be w(-10). Let g = -142 + z. Calculate r(g).
-9
Suppose -2*h + 31 = -2*q - 3*h, 2*q = -3*h - 21. Let s(n) = n**3 + 16*n**2 - 34*n + 39. Calculate s(q).
3
Let d(w) = w**2 + 10*w - 28. Let x be d(-12). Let j be 1235/(-15) + x/6. Let i = -87 - j. Let f(m) = -4*m + 2. What is f(i)?
18
Let u(s) = -17079*s**3 + 17078*s**3 + 6*s**2 - 6 - s**2. Determine u(5).
-6
Suppose -4*l + 4*j - 6 = -2, 3 = -4*l + 3*j. Suppose i + l*c = c, 5*i + 4*c = 18. Let a = -6 + i. Let v(p) = p**3 + 3*p**2 - 4*p + 5. Calculate v(a).
5
Let n = 12644 - 12644. Let l(f) = 3*f - 3. Determine l(n).
-3
Let r(p) = -p**3 - 3*p**2 + 3*p + 6. Let i(u) = -u**2 + 6*u - 16. Let y be i(4). Let k be (-1)/(-8)*4*y. Give r(k).
10
Suppose -3*l + 1 = -2. Let o be -3 + (-4)/(-1 - l). Let h(w) be the third derivative of -w**5/10 - w**3/6 - 1718*w**2. Calculate h(o).
-7
Let d = 3263 + -3245. Let q(g) = -g**2 + 21*g - 58. Determine q(d).
-4
Let a(b) = -25*b - 100. Let o be a(-4). Let f(x) = -x**2 + 10*x - 8. Let u be f(9). Let p(n) = -u - 17*n + 4*n + n**2 + 14*n. Determine p(o).
-1
Let w(o) = -o**3 + 2*o**2 + 2*o + 1. Let c(r) = 7*r**3 - 6*r**2 + 7*r - 2. Let b be c(2). Suppose -3*p - 8*p + b = 0. Determine w(p).
-23
Let h(m) be the second derivative of m**4/3 - 11*m**3/6 + 4*m**2 + m + 1607. Determine h(4).
28
Let x(n) be the second derivative of -7*n**3/6 + 7*n**2/2 - 5*n - 26. Determine x(1).
0
Let w(o) = -25117 - 3*o + 6*o + 25124. Let x(c) = c**2 - 6*c + 5. Let m be x(3). Give w(m).
-5
Let j(a) = 2*a - 24. Let o(c) = c - 12. Let x(b) = 2*j(b) - 5*o(b). Suppose 2*f - 2 = 14. Let d be ((-10)/(-4))/(4 - 28/f). Give x(d).
7
Let p(o) be the first derivative of o**2/2 - 12*o + 4214. Let m = 2 + -2. Determine p(m).
-12
Let u = 618 - 616. Let w(r) be the first derivative of 3*r + 37 - 1/2*r**u. Calculate w(4).
-1
Suppose 8*v = 3*v + 20. Suppose -5*s = -z - 3*s + 46, -4*s = -4*z + 204. Let a(g) = -53 - z + 158 - 53 + 2*g. Determine a(v).
4
Let t(o) = -4*o + 123. Let h(i) = 2*i - 77. Let b(p) = -5*h(p) - 3*t(p). What is b(11)?
38
Let o(h) = -773*h + 6197. Let v be o(8). Let x(l) = 47*l - 617. What is x(v)?
-6
Let z(y) = 1226*y**2 + 7 - 670*y**2 + 2*y - 559*y**2 + 2*y. Determine z(3).
-8
Let n(s) = -3*s**2 + 2*s - 8. Suppose 11*k - 41 = 2*y, 2*y = -5*k + 57 - 50. What is n(k)?
-29
Let g(v) = 15*v + 16. Let c(x) = -50*x - 39. Let i be c(-1). Calculate g(i).
181
Let u = -217 + 291. Suppose -6*b - u = -14. Let f(t) be the second derivative of t**5/20 + 5*t**4/6 + t**3/6 - t**2/2 - 3*t. Determine f(b).
-11
Let q be 118/16 + 3/(-8). Suppose -25 = q*c - 4. Let j(a) = -2*a**3 - 2*a**2 + 4*a. What is j(c)?
24
Let f(l) be the first derivative of 4*l**2 - 51*l - 11089. Determine f(4).
-19
Let d(a) be the second derivative of a**5/20 + a**4/4 + 7*a**2 - 2*a - 213. What is d(0)?
14
Let o(k) = -k**3 + 8*k**2 + k - 5. Let j be o(8). Suppose 0 = j*c - 4*f + 14, f - 17 = -4*c - 4. Let q(i) = 3 + 7*i**2 - 4 - 3*i**c + 2*i**2. Determine q(1).
5
Suppose 4*j = 3*d, 0*d + 3*d - 27 = -5*j. Let q(u) be the third derivative of u**5/60 - u**4/12 + u**3/3 - 89*u**2 - 2*u. Calculate q(j).
5
Let l(f) = 75*f + 41 + 68*f + 79*f - 301*f + 75*f. What is l(8)?
9
Let j(q) = -88 + 46 - 37*q - 35. Let l be j(-2). Let c(n) be the second derivative of -n**4/12 - 2*n**3/3 - n**2 + 2*n. Calculate c(l).
1
Let v = -21075 + 21081. Let h(u) = u**3 - 7*u**2 + 7*u + 17. Determine h(v).
23
Let f = -4 + 7. Let w(i) = -2*i**3 - i**2 + 2*i - 2. Let d(l) = -4*l**3 - l**2 + 3*l - 3. Let p(j) = -6*d(j) + 11*w(j). Give p(f).
17
Let j(t) = -8*t - 2 - 1 + 0. Let f = 258449 - 258445. Determine j(f).
-35
Let b(i) = -40*i**2 + 924*i - 116. Let g be b(23). Let d(w) = -w**2 - 24*w - 9. What is d(g)?
-9
Suppose -4*g + 4*t - 56 = 0, -4*g - 133*t - 59 = -138*t. Let m(j) = 3*j + 39. Give m(g).
6
Suppose -2097 = 64*d - 2033. Let w(i) = -17*i**2 + 9*i. What is w(d)?
-26
Let k(d) be the third derivative of 1/2*d**3 + 7*d**2 - 1/6*d**4 - 6 + 0*d - 1/60*d**5. Let r(p) = p**2 + 9*p + 10. Let x be r(-7). Determine k(x).
3
Let i(x) = x**3 - 4*x**2 + 1. Let q be i(4). Suppose -621*v + 624*v - 69 = 0. Let n(f) = v*f + 17*f - 55*f. Give n(q).
-15
Suppose 80 - 52 = -2*g - 5*f, 2*g - 5*f = 12. Let d(b) = 3*b**2 + 10*b + 1. Determine d(g).
9
Let f(j) = j**2 + 1. Let q be (16/(-10))/((-1416)/(-1770)). Calculate f(q).
5
Let b(h) = -123*h**2 + 115*h + 453. Let q(d) = 46*d**2 - 39*d - 151. Let j(y) = 3*b(y) + 8*q(y). What is j(-4)?
3
Let k(h) = -h**3 - 27*h**2 + 78*h + 568. Let f be k(-29). Let x(a) = a**3 + 13*a**2 + 11*a - 23. What is x(f)?
-11
Let n be (5 + -6)*(-8 + 1 + 5). Let g(t) = 4*t. Let o(p) = -3*p + 1. Let a(x) = n*g(x) + 3*o(x). Calculate a(6).
-3
Suppose 63 = 5*x + 4*s + 22, -3*x = -3*s - 3. Let c(f) be the second derivative of f**4/6 - 7*f**3/6 + 2*f**2 - 2246*f. Determine c(x).
19
Let v(l) = -l - 3. Let w be (0 + -3)*(-4 + 55/15). Let p be 0*3*1/3*w. Calculate v(p).
-3
Let y(z) = -10*z - 86. Let u be y(-9). Suppose -u*q + 34 = 5*k, 0 = -q + 4*k + 19 - 0. Let g(n) be the second derivative of n**3/6 - 9*n**2/2 - n. Give g(q).
2
Let d(a) = -3*a**2 - 16*a - 22. Let o(y) = -7*y**2 - 31*y - 39. Let k(i) = -5*d(i) + 2*o(i). What is k(-15)?
-13
Let s = -35 + 39. Suppose -s*k + 36 = -4*p, 5*p = -5*k + 4*p + 21. Suppose 3*o + 11 = -w, 5*w + k*o = 6*o + 25. Let b(d) = d**2 - 4*d + 3. Determine b(w).
3
Let o(t) = -2*t**2 + 2*t + 21. Let m = -1838 - -1835. Give o(m).
-3
Let b = -25 + 28. Let p(i) = -2*i**3 - 14*i - 7 + 10*i + 5*i**2 + b*i**3. Give p(-5).
13
Suppose -20*f + 204 = -71*f. Let h(d) = -d**3 - 6*d**2 + d + 6. Give h(f).
-30
Let u = -6 - -8. Let d(z) = -3*z**u + 18 + 32 - 22. Let a(y) = 2*y**2 - 14. Let f(b) = -5*a(b) - 3*d(b). Determine f(0).
-14
Let d(c) = -c**2 + 10*c - 7. Suppose -5*o - 170 = -2*g - g, -3*g - 68 = 2*o. Let j = -247 - -204. Let u = o - j. Determine d(u).
2
Let a(b) be the first derivative of -b**3/3 - 3*b**2/2 + 20*b - 386. Determine a(-7).
-8
Let r = 14 - 7. Let l(x) = -5*x**2 + 12*x. Let v(u) = 14*u**2 - 29*u - 1. Let f(b) = 3*l(b) + v(b). Calculate f(r).
-1
Let t(q) be the third derivative of -4*q**4/3 + 67*q**3/3 - 262*q**2. Give t(4).
6
Let o(y) = y**3 + 9*y**2 - 9*y - 10. Suppose 51 = -11*a - 37 - 11. What is o(a)?
71
Let i(z) = z**2 - 10*z + 4. Suppose 4*j - 8*s + 11*s - 518 = 0, -3*s = -6. Suppose j = -16*y + 256. What is i(y)?
-12
Let m be 168/63 - (-1 - 4/(-6)). Let l be 15/(-3) - -10 - m. Let f(z) = 3*z. Calculate f(l).
6
Let t(q) be the first derivative of 27/2*q**2 + 0*q - 1/6*q**3 - 5/24*q**4 + 27 + 1/60*q**5. Let o(r) be the second derivative of t(r). Determine o(5).
-1
Let o(p) = -p**2 - 5*p. Let h be 62/22 + 6/33 - 7. Let m be o(h). Let t(l) = l. Calculate t(m).
4
Let o(z) be the s